 4*w + 204 = 0. Let k = -101 - -108. What is the remainder when w is divided by k?
2
Let d(x) = 2*x - 33. Let v be d(17). Let u(z) = 43*z**3 - 3*z + 2. Calculate the remainder when 166 is divided by u(v).
40
Suppose 4*n + 10 = 9*n. Let i be 2 + -4 + 2/1. Suppose i = -3*q - n*q + 235. Calculate the remainder when q is divided by 16.
15
Let v(w) = -109*w - 101. Let n = -28 + 106. Calculate the remainder when n is divided by v(-1).
6
Suppose -76*l = -70*l - 294. Calculate the remainder when 192 is divided by l.
45
Suppose -4*k + y - 37 = 0, -k = -2*y + 12 - 1. Let z(t) = t**3 + 10*t**2 + 10*t + 12. Calculate the remainder when 12 is divided by z(k).
0
Suppose 0 = -q + 2, -3*z - 8*q = -10*q - 125. Suppose -5*l = -0*l - 115. Calculate the remainder when z is divided by l.
20
Suppose -d = 2, -3*y - 2*d - 2*d = 17. Calculate the remainder when (-3)/(3/y) - -99 is divided by 26.
24
Let p = 417 - 248. What is the remainder when p is divided by 34?
33
Let s(j) = 10*j**2 + 16*j + 7. Calculate the remainder when 439 is divided by s(-3).
47
Suppose 5*l = -0*l + w + 34, -l + w + 10 = 0. Calculate the remainder when 23 is divided by l.
5
Suppose 265*v = 255*v + 70. Calculate the remainder when 72 is divided by v.
2
Let v(q) = q**3 - 5*q**2 - 3*q - 1. What is the remainder when 108 is divided by v(6)?
6
Let j = -62 - -102. Calculate the remainder when 276 is divided by j.
36
Let o(c) = 11*c**2 - 3*c - 6. Let u be o(-4). Let n = u - 9. Suppose -2*l = -n + 11. What is the remainder when l is divided by 28?
25
Let c(f) = -f**2 + 5*f - 3. Let n be c(2). Suppose -4*u + 608 = -4*o, 3*o = n*u + 4*o - 468. Calculate the remainder when u is divided by 52.
51
Suppose 2*o = 3*s - 4*s + 8, 2*s - 4 = 0. What is the remainder when 173 is divided by (8/10)/(((-21)/(-140))/o)?
13
Let l = -93 - -131. Suppose -3581 = 58*k - 12281. What is the remainder when k is divided by l?
36
Suppose -3*r = 4*n - n - 138, 5*r + n = 226. Let q = r - 16. Calculate the remainder when (-8)/10*-21*5 is divided by q.
26
Let n(r) = r**3 - 13*r**2 + 5*r + 9. What is the remainder when n(14) is divided by 20?
15
Suppose -t + 18 - 6 = 0. Suppose t*d + 156 = 2*a + 13*d, -a = d - 78. What is the remainder when a is divided by 14?
8
Let s be 31 + (6 - -3)/3. Let b = 48 - s. What is the remainder when 55 is divided by b?
13
Suppose 7*o + 6 = 27. Suppose -5*s + 6 = -29. What is the remainder when s is divided by o?
1
Let b(t) = 2*t + 2. What is the remainder when -3 - ((-4 - -3) + -14) is divided by b(0)?
0
Suppose -3*i - 90 = -21. Let m = 30 + i. What is the remainder when m is divided by 2?
1
Suppose 3*u = 4*u + d - 28, 5*u = -3*d + 140. What is the remainder when 138 is divided by u?
26
Suppose -3*q = 2*q - 70. Suppose -26*s = -29*s + 6. Suppose s*t - 656 = -6*t. What is the remainder when t is divided by q?
12
Let a = 17 - -7. Suppose 20*t - 84 = 36. Let i = t + a. Calculate the remainder when i is divided by 16.
14
Let c(q) = q - 2. Let k be c(4). Suppose 5*i + 22 = k. Let w = 22 + i. What is the remainder when 34 is divided by w?
16
Suppose -113 = -9*q - 5. Calculate the remainder when 73 is divided by q.
1
Let k = 335 - 139. What is the remainder when k is divided by 20?
16
What is the remainder when 177 is divided by (-10)/(-30)*-12*-28?
65
Suppose 0 = 4*s - 16, -q + 3*s = 2*q - 15. Let t = q - 3. Let x = 13 + t. Calculate the remainder when 36 is divided by x.
17
Let o = 245 + 30. Suppose -335 - o = -5*h. Let c = 18683 - 18658. What is the remainder when h is divided by c?
22
Let z(c) = -1. Let y = -29 - -30. Let x(u) = u + 6. Let h(k) = y*x(k) - 6*z(k). What is the remainder when 10 is divided by h(-6)?
4
Suppose -241 = -3*d - 5*l, -2*l - 21 = 3*d - 256. Let w(t) = 6*t**2 + 18*t - 8. Calculate the remainder when d is divided by w(-4).
13
Let i(f) = 5*f**3 + 3*f**2 - 8*f + 4. Let k be i(3). Let g = k - 85. Suppose 0*z = -3*z + g. What is the remainder when z is divided by 7?
5
Let s be 254/(-9) + 8/36. Let n = s - -49. What is the remainder when 81 is divided by n?
18
Let i = -539 - -593. What is the remainder when 103 is divided by i?
49
Suppose -4*i = 3*w - 11, -5*i = -3*w + 2*w - 9. Suppose i*t = 5*t - 27. Calculate the remainder when 15 is divided by t.
6
Suppose 0 = t + 3*t - 36. Let k(v) be the first derivative of v**4/4 + 14*v**3/3 - v**2 + 5*v + 5. What is the remainder when k(-14) is divided by t?
6
Let g be ((-1280)/(-24))/((-2)/(-39)). Suppose 5*h = h + g. Suppose -9*z + h = -5*z. Calculate the remainder when z is divided by 22.
21
Let p be (-4)/16*-125 + 3/4. What is the remainder when 82 is divided by (1/12*27)/(6/p)?
10
Calculate the remainder when -47 + 41 + (-270)/(-2) is divided by 10.
9
Let r(v) be the first derivative of -v**4/4 - 2*v**3/3 + v**2 + 6*v - 9. Calculate the remainder when r(-3) is divided by 7.
2
Let l(x) = x**2 - 14*x + 58. What is the remainder when 49 is divided by l(6)?
9
Calculate the remainder when 72 is divided by ((-51)/(-34))/((-1)/30*-3).
12
Suppose -2*o = 3*o + 30. Calculate the remainder when 42 is divided by (-4)/(8/o) + 9.
6
Let f(p) = -2*p - 2. Let v = 17 - 20. What is the remainder when (-6)/2*52/v is divided by f(-8)?
10
Let h = -64 + 52. Calculate the remainder when 88 is divided by (h/(-8))/(-1 - (-33)/30).
13
Let m be ((-48)/(-20))/(4/10). Suppose -8*t + m = -5*t. Suppose -t*v + 64 = -0*v. Calculate the remainder when 62 is divided by v.
30
Suppose 0*p + 3*p + 992 = -5*a, 5*a = -20. What is the remainder when 27 is divided by (-2)/10 - p/45?
6
Calculate the remainder when 118 is divided by ((-12)/2 - -2) + 17*2.
28
Suppose 69 = 20*o - 31. Calculate the remainder when 23*(0 + 4 - 3) is divided by o.
3
Suppose -2*l - 8 = -3*l - 4*n, 4*l = 2*n + 86. Let p(u) = u - 11. Suppose -3*s + 8*s - 170 = 0. What is the remainder when s is divided by p(l)?
7
Suppose -s + 736 = 15*s. What is the remainder when s is divided by 14?
4
Suppose -20 = 125*l - 129*l, -5*n - 2*l + 90 = 0. Calculate the remainder when 40 is divided by n.
8
Suppose -2*g + 1365 = g. Suppose -9*d - 185 = -g. What is the remainder when 118 is divided by d?
28
Suppose -3*d - 7*p = -2*p + 46, 5*d + 70 = -5*p. Calculate the remainder when -2 + (-318)/d - (-2)/4 is divided by 13.
12
Suppose i = -4*k + 353, k = 4*k. What is the remainder when i is divided by 72?
65
Let j(u) be the third derivative of -u**4/6 - 7*u**3/2 + 5*u**2. What is the remainder when 154 is divided by j(-15)?
37
Suppose 2*r - 2*v + 23 = 85, r = -v + 33. Suppose -3*z = -0*z - 18. Calculate the remainder when r is divided by z.
2
Let p be (6/9)/(4/(-6)). Let a be p/((-3 + 2)/1). Let d(t) = 15*t**3 + 2*t**2 - 2*t + 1. What is the remainder when d(a) is divided by 6?
4
Suppose -2*i = -5*x + 12, 3*i - 2*x + 3*x - 16 = 0. Calculate the remainder when 98 is divided by (5 + i/(-1))*25.
23
Let o = 397 - 391. What is the remainder when 69 is divided by o?
3
Let x(s) = 16*s**2 + 1089*s + 73. Let j = -48 - -72. What is the remainder when j is divided by x(-68)?
4
Let m(r) = -r**3 + 7*r**2 + 6. Suppose 0 = 5*b - 19 - 11. Suppose 2*z = 5*z - 3*y - b, -4*z - 5*y = -53. What is the remainder when 20 is divided by m(z)?
2
Let t be (-32)/(-10) + (-28)/(-35). Let i(r) = -r**3 + 3*r**2 - 3*r - 7. Let m be i(t). What is the remainder when m*((-33)/(-15) - 4) is divided by 17?
12
Let v be 8 - (-4 + -3 - -3). Let o = v - 9. Calculate the remainder when 66/(-4)*(-10)/o is divided by 19.
17
Let x(l) be the second derivative of l**4/6 - 3*l**3 + 11*l**2/2 + 34*l. Let m = -4 - -7. What is the remainder when x(9) is divided by m?
2
Let j be (1 + (-6)/9)*135. Suppose -5*b = -2*b - j. Calculate the remainder when 59 is divided by b.
14
Let l = -55 - -79. Let a = 6591 - 6581. Calculate the remainder when l is divided by a.
4
Let l = 5 + -1. Let t(i) = i**3 + 17*i**2 - 19*i + 14. Let p be t(-18). Suppose -5*q + p = -23. Calculate the remainder when q is divided by l.
3
Let s = 33 + -19. Let y = s - 7. Calculate the remainder when 19 is divided by y.
5
Let w(l) be the second derivative of l**5/20 - l**4/6 - 5*l**3/6 + 2*l**2 - 3*l. Calculate the remainder when -4 - (-67 - (1 - 3)) is divided by w(4).
13
What is the remainder when 111 is divided by 3*(0 - 190/(-15))?
35
Let b(j) = 35*j**2 + 2 - j - 5*j**3 + 4*j**3 - 43*j**2 - 4. What is the remainder